{"id":103924,"date":"2022-01-18T15:56:28","date_gmt":"2022-01-18T14:56:28","guid":{"rendered":"http:\/\/trzynasty.pl\/?page_id=103924"},"modified":"2022-01-18T15:56:28","modified_gmt":"2022-01-18T14:56:28","slug":"wycieczki-2021","status":"publish","type":"page","link":"https:\/\/trzynasty.pl\/index.php\/wycieczki-2021\/","title":{"rendered":"WYCIECZKI 2021"},"content":{"rendered":"<p>[vc_row][vc_column][vc_column_text]<em>W dniu 27 listopada 2021 r. u\u0142ani pojechali do Muzeum Wojska Polskiego w Warszawie. W towarzystwie historyka wojskowo\u015bci zwiedzili ca\u0142\u0105 wystaw\u0119, ale na pewno najd\u0142u\u017cej sp\u0119dzili przy eksponatach zwi\u0105zanych z kawaleri\u0105. Najwi\u0119ksze wra\u017cenie robi\u0142y pami\u0105tki po ich patronach, u\u0142anach z 13 pu\u0142ku u\u0142an\u00f3w Wile\u0144skich.<\/em>[\/vc_column_text][vc_gallery el_id=&#8221;gallery-188905&#8243; medias=&#8221;103925,103926,103927,103928,103929,103930&#8243; gutter_size=&#8221;3&#8243; screen_lg=&#8221;1000&#8243; screen_md=&#8221;600&#8243; screen_sm=&#8221;480&#8243; single_overlay_opacity=&#8221;50&#8243; single_padding=&#8221;2&#8243; uncode_shortcode_id=&#8221;140502&#8243;][\/vc_column][\/vc_row]<\/p>\n","protected":false},"excerpt":{"rendered":"<p>[vc_row][vc_column][vc_column_text]W dniu 27 listopada 2021 r. u\u0142ani pojechali do Muzeum Wojska Polskiego w Warszawie. W towarzystwie historyka wojskowo\u015bci zwiedzili ca\u0142\u0105 [&hellip;]<\/p>\n","protected":false},"author":1,"featured_media":0,"parent":0,"menu_order":0,"comment_status":"closed","ping_status":"closed","template":"","meta":{"footnotes":""},"class_list":["post-103924","page","type-page","status-publish","hentry"],"_links":{"self":[{"href":"https:\/\/trzynasty.pl\/index.php\/wp-json\/wp\/v2\/pages\/103924","targetHints":{"allow":["GET"]}}],"collection":[{"href":"https:\/\/trzynasty.pl\/index.php\/wp-json\/wp\/v2\/pages"}],"about":[{"href":"https:\/\/trzynasty.pl\/index.php\/wp-json\/wp\/v2\/types\/page"}],"author":[{"embeddable":true,"href":"https:\/\/trzynasty.pl\/index.php\/wp-json\/wp\/v2\/users\/1"}],"replies":[{"embeddable":true,"href":"https:\/\/trzynasty.pl\/index.php\/wp-json\/wp\/v2\/comments?post=103924"}],"version-history":[{"count":1,"href":"https:\/\/trzynasty.pl\/index.php\/wp-json\/wp\/v2\/pages\/103924\/revisions"}],"predecessor-version":[{"id":103931,"href":"https:\/\/trzynasty.pl\/index.php\/wp-json\/wp\/v2\/pages\/103924\/revisions\/103931"}],"wp:attachment":[{"href":"https:\/\/trzynasty.pl\/index.php\/wp-json\/wp\/v2\/media?parent=103924"}],"curies":[{"name":"wp","href":"https:\/\/api.w.org\/{rel}","templated":true}]}}