{"id":103775,"date":"2022-01-14T14:18:04","date_gmt":"2022-01-14T13:18:04","guid":{"rendered":"http:\/\/trzynasty.pl\/?page_id=103775"},"modified":"2024-03-18T09:05:24","modified_gmt":"2024-03-18T08:05:24","slug":"filmy","status":"publish","type":"page","link":"https:\/\/trzynasty.pl\/index.php\/filmy\/","title":{"rendered":"FILMY"},"content":{"rendered":"<p>[vc_row][vc_column][vc_column_text uncode_shortcode_id=&#8221;154219&#8243;]<strong>ODCINEK 1 &#8211; Kawaleria Legion\u00f3w Polskich<\/strong><\/p>\n<p><em>Film opowiada o kawalerii Legion\u00f3w Polskich I, II i III Brygady o jej tworzeniu u boku armii austro-w\u0119gierskiej w czasie odzyskiwanie przez Polsk\u0119 Niepodleg\u0142o\u015bci w 1918r., kt\u00f3ra walczy\u0142y z armi\u0105 rosyjsk\u0105.<br \/>\n<strong>Scenariusz i re\u017cyseria: Przemys\u0142aw Bednarczyka<\/strong><br \/>\n<strong>Producent wykonawczy: Wytw\u00f3rnia Film\u00f3w i Widowisk Historycznych \u201eVIS\u201d<\/strong><\/em>[\/vc_column_text][vc_column_text uncode_shortcode_id=&#8221;706731&#8243;]https:\/\/youtu.be\/SrFkWA6MNiE[\/vc_column_text][\/vc_column][\/vc_row][vc_row][vc_column][vc_column_text uncode_shortcode_id=&#8221;125019&#8243;]<strong>ODCINEK 2 &#8211; U\u0142ani Legionu Pu\u0142awskiego i Korpus\u00f3w Polskich w Rosji.<\/strong><\/p>\n<p><em>Film opowiada o pu\u0142kach i szwadronach polskich utworzonych u boku armii rosyjskiej, kt\u00f3re przesz\u0142y szlak bojowy tocz\u0105c ci\u0119\u017ckie walki z armi\u0105 austro-w\u0119gierskiej i armi\u0105 niemieck\u0105, kt\u00f3re upatrywa\u0142y w ten spos\u00f3b nadziej\u0119 i przysz\u0142o\u015b\u0107 o niepodleg\u0142ej odrodzonej Rzeczpospolitej.<br \/>\n<strong>Scenariusz i re\u017cyseria: Przemys\u0142aw Bednarczyka<\/strong><br \/>\n<strong>Producent wykonawczy: Wytw\u00f3rnia Film\u00f3w i Widowisk Historycznych \u201eVIS\u201d<\/strong><\/em>[\/vc_column_text][vc_column_text uncode_shortcode_id=&#8221;136618&#8243;]https:\/\/youtu.be\/3QPTaJI2OQA[\/vc_column_text][\/vc_column][\/vc_row][vc_row][vc_column][vc_column_text uncode_shortcode_id=&#8221;208583&#8243;]<strong>ODCINEK 3 &#8211; Jazda polska w wojnie z bolszewikami 1919r.\u2013 1921r.<\/strong><\/p>\n<p><em>Film opowiada o polskiej kawalerii z czas\u00f3w wojny polsko-bolszewickiej o ostatniej wojnie w kt\u00f3rej dochodzi do du\u017cych star\u0107 jednostek kawaleryjskich. Film opowiada m.in. o bitwie pod Komarowem \u2013 ostatniej bitwie kawaleryjskiej w dziejach wojen w Europie w kt\u00f3rej bra\u0142a udzia\u0142 polska jazda.<br \/>\n<strong>Scenariusz i re\u017cyseria: Przemys\u0142aw Bednarczyka<\/strong><br \/>\n<strong>Producent wykonawczy: Wytw\u00f3rnia Film\u00f3w i Widowisk Historycznych \u201eVIS\u201d<\/strong><br \/>\n<\/em>[\/vc_column_text][vc_column_text uncode_shortcode_id=&#8221;135332&#8243;]https:\/\/youtu.be\/vzpUaSe3xrU[\/vc_column_text][\/vc_column][\/vc_row][vc_row][vc_column][vc_column_text uncode_shortcode_id=&#8221;129488&#8243;]<strong>ODCINEK 4 &#8211; Kawaleria II Rzeczypospolitej w latach 1921 r. \u2013 1939 r.<\/strong><\/p>\n<p><em>Film opowiada o kawalerii II RP w okresie pokoju po wojnie polsko bolszewickiej o reorganizacji zmierzaj\u0105cej do wprowadzenia zmian w organizacji polskiej kawalerii.<br \/>\n<strong>Scenariusz i re\u017cyseria: Przemys\u0142aw Bednarczyka<\/strong><br \/>\n<strong>Producent wykonawczy: Wytw\u00f3rnia Film\u00f3w i Widowisk Historycznych \u201eVIS\u201d<\/strong><\/em>[\/vc_column_text][vc_column_text uncode_shortcode_id=&#8221;180529&#8243;]https:\/\/youtu.be\/vWUTpIg-3Mk[\/vc_column_text][\/vc_column][\/vc_row][vc_row][vc_column][vc_column_text uncode_shortcode_id=&#8221;118828&#8243;]<strong>ODCINEK 5 &#8211; Kawaleria w Wojnie Obronnej 1939 r.<\/strong><\/p>\n<p><em>Film opowiada o obronie granic II Rzeczypospolitej podczas kampanii jesiennej 1939 r. przez kawaleri\u0119 Wojska Polskiego. Film prezentuje wyposa\u017cenie i bro\u0144 jak\u0105 pos\u0142ugiwa\u0142a si\u0119 polska kawaleria w tym okresie.<br \/>\n<strong>Scenariusz i re\u017cyseria: Przemys\u0142aw Bednarczyka<\/strong><br \/>\n<strong>Producent wykonawczy: Wytw\u00f3rnia Film\u00f3w i Widowisk Historycznych \u201eVIS\u201d<\/strong><\/em>[\/vc_column_text][vc_column_text uncode_shortcode_id=&#8221;593551&#8243;]https:\/\/www.youtube.com\/embed\/u5z5bNQHt5c[\/vc_column_text][\/vc_column][\/vc_row][vc_row][vc_column][vc_column_text uncode_shortcode_id=&#8221;120222&#8243;]<strong>ODCINEK 6 &#8211; Oddzia\u0142 Wydzielony Wojska Polskiego mjr. \u201eHubala\u201d<\/strong><\/p>\n<p><em>Film opowiada o ostatniej, regularnej jednostce wojska polskiego II RP , kt\u00f3ra nie z\u0142o\u017cy\u0142a broni po przegranej kampanii jesiennej 1939r.<br \/>\n<strong>Scenariusz i re\u017cyseria: Przemys\u0142aw Bednarczyka<\/strong><br \/>\n<strong>Producent wykonawczy: Wytw\u00f3rnia Film\u00f3w i Widowisk Historycznych \u201eVIS\u201d<\/strong><\/em>[\/vc_column_text][vc_column_text uncode_shortcode_id=&#8221;340505&#8243;]https:\/\/youtu.be\/TETSDXkDfdU[\/vc_column_text][\/vc_column][\/vc_row][vc_row][vc_column][vc_column_text uncode_shortcode_id=&#8221;943697&#8243;]<strong>ODCINEK 7 &#8211; Warszawska Samodzielna Brygada Kawalerii &#8211; ostatnia szar\u017ca pod Borujskiem 1945r.<\/strong><\/p>\n<p><em>Film opowiada o ostatniej polskiej zwartej formacji kawaleryjskiej uczestnicz\u0105cej podczas II Wojny \u015awiatowej w ko\u0144cowym jej etapie, kt\u00f3ra przeprowadzi\u0142 ostatni\u0105 kawaleryjsk\u0105 szar\u017ce pod Borujskiem w 1945r.<br \/>\n<strong>Scenariusz i re\u017cyseria: Przemys\u0142aw Bednarczyka<\/strong><br \/>\n<strong>Producent wykonawczy: Wytw\u00f3rnia Film\u00f3w i Widowisk Historycznych \u201eVIS\u201d<\/strong><\/em>[\/vc_column_text][vc_column_text uncode_shortcode_id=&#8221;167387&#8243;]https:\/\/youtu.be\/khMVbtfl1XU[\/vc_column_text][\/vc_column][\/vc_row][vc_row][vc_column][vc_column_text uncode_shortcode_id=&#8221;199098&#8243;]<strong>ODCINEK 8 -Tradycje kawaleryjskie w Polskich Si\u0142ach Zbrojnych na Zachodzie i we wsp\u00f3\u0142czesnych<br \/>\nSi\u0142ach Zbrojnych RP<\/strong><\/p>\n<p><em>Film opowiada o kawalerii polskiej, kt\u00f3ra przesiada\u0142 si\u0119 z pi\u0119knych wierzchowc\u00f3w na sprz\u0119t zmechanizowany. O polskich jednostkach pancernych i zmechanizowanych, kt\u00f3re powsta\u0142y zachowuj\u0105c tradycje kawaleryjskie u boku aliant\u00f3w &#8211; Francji i Wielkiej Brytanii. Film opowiada r\u00f3wnie\u017c o wsp\u00f3\u0142czesnej jednostce Wojska Polskiego, kt\u00f3ra dziedziczy tradycji kawaleryjskie o 25 Brygadzie Kawalerii Powietrznej im. ksi\u0119cia J\u00f3zefa Poniatowskiego.<br \/>\n<strong>Scenariusz i re\u017cyseria: Przemys\u0142aw Bednarczyka<\/strong><br \/>\n<strong>Producent wykonawczy: Wytw\u00f3rnia Film\u00f3w i Widowisk Historycznych \u201eVIS\u201d<\/strong><\/em>[\/vc_column_text][vc_column_text uncode_shortcode_id=&#8221;207939&#8243;]https:\/\/youtu.be\/ypzBBi9opR8[\/vc_column_text][\/vc_column][\/vc_row]<\/p>\n","protected":false},"excerpt":{"rendered":"<p>[vc_row][vc_column][vc_column_text uncode_shortcode_id=&#8221;154219&#8243;]ODCINEK 1 &#8211; Kawaleria Legion\u00f3w Polskich Film opowiada o kawalerii Legion\u00f3w Polskich I, II i III Brygady o jej [&hellip;]<\/p>\n","protected":false},"author":1,"featured_media":0,"parent":0,"menu_order":0,"comment_status":"closed","ping_status":"closed","template":"","meta":{"footnotes":""},"class_list":["post-103775","page","type-page","status-publish","hentry"],"_links":{"self":[{"href":"https:\/\/trzynasty.pl\/index.php\/wp-json\/wp\/v2\/pages\/103775","targetHints":{"allow":["GET"]}}],"collection":[{"href":"https:\/\/trzynasty.pl\/index.php\/wp-json\/wp\/v2\/pages"}],"about":[{"href":"https:\/\/trzynasty.pl\/index.php\/wp-json\/wp\/v2\/types\/page"}],"author":[{"embeddable":true,"href":"https:\/\/trzynasty.pl\/index.php\/wp-json\/wp\/v2\/users\/1"}],"replies":[{"embeddable":true,"href":"https:\/\/trzynasty.pl\/index.php\/wp-json\/wp\/v2\/comments?post=103775"}],"version-history":[{"count":24,"href":"https:\/\/trzynasty.pl\/index.php\/wp-json\/wp\/v2\/pages\/103775\/revisions"}],"predecessor-version":[{"id":104923,"href":"https:\/\/trzynasty.pl\/index.php\/wp-json\/wp\/v2\/pages\/103775\/revisions\/104923"}],"wp:attachment":[{"href":"https:\/\/trzynasty.pl\/index.php\/wp-json\/wp\/v2\/media?parent=103775"}],"curies":[{"name":"wp","href":"https:\/\/api.w.org\/{rel}","templated":true}]}}