{"id":103934,"date":"2022-01-18T16:14:00","date_gmt":"2022-01-18T15:14:00","guid":{"rendered":"http:\/\/trzynasty.pl\/?page_id=103934"},"modified":"2022-01-18T16:14:00","modified_gmt":"2022-01-18T15:14:00","slug":"potyczki-z-kawaleria-2021","status":"publish","type":"page","link":"http:\/\/trzynasty.pl\/index.php\/potyczki-z-kawaleria-2021\/","title":{"rendered":"POTYCZKI Z KAWALERI\u0104 2021"},"content":{"rendered":"<p>[vc_row][vc_column][vc_column_text]<em>Pierwsze w cyklu spotkanie z m\u0142odzie\u017c\u0105 odby\u0142o si\u0119 dniu 9.12.2021 r. w Szkole Podstawowej nr 7 im. Partyzant\u00f3w Ziemi Kieleckiej w Kielcach przy ul. Zimnej 16 w Kielcach. Uczniowie z zaciekawieniem obejrzeli film o majorze Hubalu \u201e\u201d Oddzia\u0142 Wydzielony Wojska Polskiego mjr. \u201eHubala\u201d i wys\u0142uchali prelekcji u\u0142an\u00f3w Kieleckiego Szwadronu Kawalerii Uczniowie mieli okazj\u0119 przymierzy\u0107 wyposa\u017cenie wykonane \u015bci\u015ble wed\u0142ug wzor\u00f3w z 20-o lecia mi\u0119dzywojennego. <\/em>[\/vc_column_text][vc_gallery el_id=&#8221;gallery-412644&#8243; medias=&#8221;103935,103936,103937,103938,103939,103940,103941,103942,103943,103944&#8243; gutter_size=&#8221;3&#8243; screen_lg=&#8221;1000&#8243; screen_md=&#8221;600&#8243; screen_sm=&#8221;480&#8243; single_overlay_opacity=&#8221;50&#8243; single_padding=&#8221;2&#8243; uncode_shortcode_id=&#8221;935895&#8243;][\/vc_column][\/vc_row]<\/p>\n","protected":false},"excerpt":{"rendered":"<p>[vc_row][vc_column][vc_column_text]Pierwsze w cyklu spotkanie z m\u0142odzie\u017c\u0105 odby\u0142o si\u0119 dniu 9.12.2021 r. w Szkole Podstawowej nr 7 im. Partyzant\u00f3w Ziemi Kieleckiej [&hellip;]<\/p>\n","protected":false},"author":1,"featured_media":0,"parent":0,"menu_order":0,"comment_status":"closed","ping_status":"closed","template":"","meta":{"footnotes":""},"class_list":["post-103934","page","type-page","status-publish","hentry"],"_links":{"self":[{"href":"http:\/\/trzynasty.pl\/index.php\/wp-json\/wp\/v2\/pages\/103934","targetHints":{"allow":["GET"]}}],"collection":[{"href":"http:\/\/trzynasty.pl\/index.php\/wp-json\/wp\/v2\/pages"}],"about":[{"href":"http:\/\/trzynasty.pl\/index.php\/wp-json\/wp\/v2\/types\/page"}],"author":[{"embeddable":true,"href":"http:\/\/trzynasty.pl\/index.php\/wp-json\/wp\/v2\/users\/1"}],"replies":[{"embeddable":true,"href":"http:\/\/trzynasty.pl\/index.php\/wp-json\/wp\/v2\/comments?post=103934"}],"version-history":[{"count":2,"href":"http:\/\/trzynasty.pl\/index.php\/wp-json\/wp\/v2\/pages\/103934\/revisions"}],"predecessor-version":[{"id":103978,"href":"http:\/\/trzynasty.pl\/index.php\/wp-json\/wp\/v2\/pages\/103934\/revisions\/103978"}],"wp:attachment":[{"href":"http:\/\/trzynasty.pl\/index.php\/wp-json\/wp\/v2\/media?parent=103934"}],"curies":[{"name":"wp","href":"https:\/\/api.w.org\/{rel}","templated":true}]}}