{"id":103730,"date":"2022-01-14T13:32:20","date_gmt":"2022-01-14T12:32:20","guid":{"rendered":"http:\/\/trzynasty.pl\/?page_id=103730"},"modified":"2022-01-14T13:32:34","modified_gmt":"2022-01-14T12:32:34","slug":"103730-2","status":"publish","type":"page","link":"http:\/\/trzynasty.pl\/index.php\/103730-2\/","title":{"rendered":"MARSZ PU\u0141KOWY"},"content":{"rendered":"<p>[vc_row][vc_column][vc_column_text uncode_shortcode_id=&#8221;192245&#8243;]<strong>MARSZ 13 PU\u0141KU U\u0141AN\u00d3W WILE\u0143SKICH<\/strong><\/p>\n<p>Marsz Pu\u0142kowy zosta\u0142 skomponowany przez kapelmistrza Pu\u0142ku w 1922 roku.<\/p>\n<p>S\u0142owa p\u0142k A. Bogus\u0142awski<\/p>\n<p><strong>\u00a0<\/strong><\/p>\n<p><strong>BALLADA O 13-TY PU\u0141KU U\u0141AN\u00d3W WILE\u0143SKICH <\/strong><\/p>\n<ol>\n<li>Vivat, Vivat \u2013 niech nam \u017cyje,<\/li>\n<\/ol>\n<p>Nasz u\u0142a\u0144ski pu\u0142k zwyci\u0119ski,<\/p>\n<p>Ten, co zawsze wrog\u00f3w bije,<\/p>\n<p>Nasz trzynasty pu\u0142k wile\u0144ski!<\/p>\n<p>&nbsp;<\/p>\n<ol start=\"2\">\n<li>Vivat szef, co na Witanie,<\/li>\n<\/ol>\n<p>Gdy ostrog\u0105 konia porze,<\/p>\n<p>Na swoje (1) &#8211;\u00a0 \u201eczo\u0142em u\u0142ani\u201d,<\/p>\n<p>Grzmi \u201eczo\u0142em panie majorze\u201d!<\/p>\n<p>&nbsp;<\/p>\n<ol start=\"3\">\n<li>Kasztan na wiatr powia\u0142 grzyw\u0105,<\/li>\n<\/ol>\n<p>Atak, bitwa \u2013 to igraszka,<\/p>\n<p>Niech nam \u017cyje w\u00f3dz prawdziwy,<\/p>\n<p>Dzielny rotmistrz nasz \u0141upaszka! (2)<\/p>\n<p>&nbsp;<\/p>\n<ol start=\"4\">\n<li>Karej klaczy zgi\u0119ta szyja,<\/li>\n<\/ol>\n<p>Szyk szabelki, aksalbnt\u00f3w,<\/p>\n<p>Wci\u0105\u017c galopem Pu\u0142k wymija,<\/p>\n<p>Najpi\u0119kniejszy z adiutant\u00f3w! (3)<\/p>\n<p>&nbsp;<\/p>\n<ol start=\"5\">\n<li>Jedzie porucznik Mas\u0142owski,<\/li>\n<\/ol>\n<p>\u017begnaj\u0105 si\u0119 przed nim ch\u0142opi,<\/p>\n<p>Bo ma wygl\u0105d proboszczowski,<\/p>\n<p>Ale wroga dzielnie kropi!<\/p>\n<p>&nbsp;<\/p>\n<ol start=\"6\">\n<li>W jego \u015blady tu\u017c na przedzie,<\/li>\n<\/ol>\n<p>Sprawnie pierwszy pluton d\u0105\u017cy,<\/p>\n<p>Kara\u017aniewicz przed nim jedzie,<\/p>\n<p>I Tyszkiewicz podchor\u0105\u017cy!<\/p>\n<p>&nbsp;<\/p>\n<ol start=\"7\">\n<li>D\u0142uga posta\u0107 przygarbiona,<\/li>\n<\/ol>\n<p>I niewinna, chytra minka,<\/p>\n<p>Jedzie przed drugim plutonem,<\/p>\n<p>Pan porucznik Karolinka! (5)<\/p>\n<p>&nbsp;<\/p>\n<ol start=\"8\">\n<li>A na podjazd w ciemne nocki,<\/li>\n<\/ol>\n<p>Poprzez lasy i porawy,<\/p>\n<p>Poprowadzi\u0142 Sta\u015b Brochocki,<\/p>\n<p>Trzeci pluton sw\u00f3j bojowy!<\/p>\n<p>&nbsp;<\/p>\n<ol start=\"9\">\n<li>Fiederowicz doskonale,<\/li>\n<\/ol>\n<p>Kulomioty bierze, warty,<\/p>\n<p>Bije i kradnie wspaniale,<\/p>\n<p>Jego dzielny pluton czwarty!<\/p>\n<p>&nbsp;<\/p>\n<ol start=\"10\">\n<li>Dzielny arab si\u0119 osadzi\u0142,<\/li>\n<\/ol>\n<p>Ra\u017aniej konie zaparska\u0142y,<\/p>\n<p>Bo Borowski przyprowadzi\u0142,<\/p>\n<p>Obszarnik\u00f3w pluton ca\u0142y!<\/p>\n<p>&nbsp;<\/p>\n<ol start=\"11\">\n<li>Sw\u00f3j staranny, wygl\u0105d pa\u0144ski,<\/li>\n<\/ol>\n<p>Nieco cichy g\u0142os nie\u015bmia\u0142y,<\/p>\n<p>Jedwabisty w\u0105s u\u0142a\u0144ski,<\/p>\n<p>To dow\u00f3dca doskona\u0142y! (4)<\/p>\n<p>&nbsp;<\/p>\n<ol start=\"12\">\n<li>G\u0142owa dumnie podniesiona,<\/li>\n<\/ol>\n<p>Na sytego patrze\u0107 mi\u0142o,<\/p>\n<p>B\u0142yszczy w s\u0142o\u0144cu nos s\u0105\u017cnisty,<\/p>\n<p>Jedzie pan wachmistrz Strumi\u0142\u0142o!<\/p>\n<p>&nbsp;<\/p>\n<ol start=\"13\">\n<li>Naszej dzielnej p\u00f3\u0142baterii,<\/li>\n<\/ol>\n<p>Nie trzeba przykrycia wiele,<\/p>\n<p>Gdy porucznik Nowoku\u0144ski,<\/p>\n<p>Walczy chwacko na jej czele!<\/p>\n<p>&nbsp;<\/p>\n<ol start=\"14\">\n<li>Nad rzek\u0105 (6) gdzie Napoleon,<\/li>\n<\/ol>\n<p>Or\u0119\u017ca swego skruszy\u0142 moc,<\/p>\n<p>Pu\u0142k Trzynasty trzyma wart\u0119,<\/p>\n<p>Nieprzerwanie i dzie\u0144 i noc!<\/p>\n<p>&nbsp;<\/p>\n<p>(1)\u00a0\u00a0\u00a0\u00a0\u00a0\u00a0\u00a0\u00a0\u00a0 W\u0142adys\u0142aw D\u0105browski;<br \/>\n(2)\u00a0\u00a0\u00a0\u00a0\u00a0\u00a0\u00a0\u00a0\u00a0 Jerzy D\u0105browski;<br \/>\n(3)\u00a0\u00a0\u00a0\u00a0\u00a0\u00a0\u00a0\u00a0\u00a0 Dominik \u0141appa;<br \/>\n(4)\u00a0\u00a0\u00a0\u00a0\u00a0\u00a0\u00a0\u00a0\u00a0 Stanis\u0142aw Ch\u0105dzy\u0144dki;<br \/>\n(5)\u00a0\u00a0\u00a0\u00a0\u00a0\u00a0\u00a0\u00a0\u00a0 Karol Bohdanowicz<br \/>\n(6)\u00a0\u00a0\u00a0\u00a0\u00a0\u00a0\u00a0\u00a0\u00a0 Rzeka Berezyna.[\/vc_column_text][\/vc_column][\/vc_row]<\/p>\n","protected":false},"excerpt":{"rendered":"<p>[vc_row][vc_column][vc_column_text uncode_shortcode_id=&#8221;192245&#8243;]MARSZ 13 PU\u0141KU U\u0141AN\u00d3W WILE\u0143SKICH Marsz Pu\u0142kowy zosta\u0142 skomponowany przez kapelmistrza Pu\u0142ku w 1922 roku. S\u0142owa p\u0142k A. Bogus\u0142awski [&hellip;]<\/p>\n","protected":false},"author":1,"featured_media":0,"parent":0,"menu_order":0,"comment_status":"closed","ping_status":"closed","template":"","meta":{"footnotes":""},"class_list":["post-103730","page","type-page","status-publish","hentry"],"_links":{"self":[{"href":"http:\/\/trzynasty.pl\/index.php\/wp-json\/wp\/v2\/pages\/103730","targetHints":{"allow":["GET"]}}],"collection":[{"href":"http:\/\/trzynasty.pl\/index.php\/wp-json\/wp\/v2\/pages"}],"about":[{"href":"http:\/\/trzynasty.pl\/index.php\/wp-json\/wp\/v2\/types\/page"}],"author":[{"embeddable":true,"href":"http:\/\/trzynasty.pl\/index.php\/wp-json\/wp\/v2\/users\/1"}],"replies":[{"embeddable":true,"href":"http:\/\/trzynasty.pl\/index.php\/wp-json\/wp\/v2\/comments?post=103730"}],"version-history":[{"count":3,"href":"http:\/\/trzynasty.pl\/index.php\/wp-json\/wp\/v2\/pages\/103730\/revisions"}],"predecessor-version":[{"id":103733,"href":"http:\/\/trzynasty.pl\/index.php\/wp-json\/wp\/v2\/pages\/103730\/revisions\/103733"}],"wp:attachment":[{"href":"http:\/\/trzynasty.pl\/index.php\/wp-json\/wp\/v2\/media?parent=103730"}],"curies":[{"name":"wp","href":"https:\/\/api.w.org\/{rel}","templated":true}]}}